= h**2 - 2*h - 2. Suppose -15 = -4*i - i. Give q(i).
1
Let t = -6 + 10. Let o(a) = 7 - 8*a + 3 + a**2 - t + a. Give o(4).
-6
Let g(p) = 3*p**2 - 7*p - 5. Let t(f) = f**2 - 3*f - 2. Let z(j) = 3*g(j) - 7*t(j). Let x(s) = s**2 + s + 1. Let a be x(-1). Give z(a).
1
Let t(d) = -3*d**3 - 8*d**2 + d - 23. Let p(x) = x**3 + 3*x**2 + 8. Let z(a) = -11*p(a) - 4*t(a). What is z(3)?
10
Let v(a) = 6 + 0*a**2 + a**2 + 6*a**2 - 6*a**2 + 7*a. What is v(-6)?
0
Let o(n) be the third derivative of n**5/60 + n**4/4 - 2*n**3/3 + 5*n**2. Calculate o(-5).
-9
Suppose 4 = -5*p - 1. Let m(y) be the first derivative of -2*y**3/3 - y - 2. Determine m(p).
-3
Let z(p) = p**3 + 4*p**2 + p + 3. Let f be z(-4). Let j(c) = -7*c**3 - 1. What is j(f)?
6
Let p(g) be the first derivative of -5/2*g**2 - g**3 + 1 + 0*g + 1/4*g**4. Suppose 5*y - 7 = 13. Calculate p(y).
-4
Let r(i) = i**3 - 2*i**2 - 2. Let v(p) = 4*p - 18. Let z be v(5). Determine r(z).
-2
Let n(b) be the second derivative of b**5/20 + 3*b**4/4 + b**3/6 + 7*b**2/2 + 2*b. What is n(-9)?
-2
Let l(f) = -f - 7. Let g = 33 - 33. What is l(g)?
-7
Let n(c) be the second derivative of c**3/6 - 117*c + 1. Let r be (-7 + 1)*4/6. Let a be r - (0/2)/2. What is n(a)?
-4
Let o(t) = 2*t - 16. Suppose -145 = 5*i - 205. Calculate o(i).
8
Let p = -5 + 13. Let o(y) = y. What is o(p)?
8
Let s(o) be the second derivative of o**3/3 + 5*o**2/2 + 2*o. Let c be s(4). Suppose -3*h + 2*x = c, 0 - 6 = 2*h - 4*x. Let d(k) = -k**2 - 3*k + 2. Give d(h).
-8
Suppose -5*c - 8*q - 15 = -3*q, 4*q = 4. Let p be (-2)/4*(-2 - -2). Let d(a) = -3 + a**2 + p*a**2 + 2*a + 0*a**2. Give d(c).
5
Let a(d) be the second derivative of 3*d**5/10 + d**4/12 - d**3/3 + d**2/2 - 3*d. Give a(1).
6
Let x(f) be the third derivative of f**8/20160 + f**7/840 + f**6/90 + f**5/30 - 4*f**2. Let b(u) be the third derivative of x(u). Give b(-6).
8
Let b be 6 - (-5 - -2 - -6). Let d(f) = -4 - 2*f + 4 - 1 + 2*f**b. What is d(-1)?
-1
Let h be (-30)/(-24)*4 + -9. Let o(j) = j**2 + 6*j - 1. What is o(h)?
-9
Suppose 10*m - 15 = 13*m. Let y(d) = -d**3 - 4*d**2 - 7. What is y(m)?
18
Let p be 70/15 + 2/6. Suppose p*o = -3*t - 13, -6*t = -t - o - 25. Suppose 0*w + 16 = -w - 4*l, 4*w = -t*l - 28. Let k(x) = 2*x - 2. What is k(w)?
-10
Let u = 17 + -22. Let c(r) = -r**2 - 6*r - 2. Give c(u).
3
Let y(a) be the first derivative of -1/2*a**2 - 3*a - 2. Give y(0).
-3
Let d be ((-10)/(-2))/(15/6). Let z(k) = 2*k**3 - k**2 + 2*k - 1. Calculate z(d).
15
Let z(c) = -8*c**2. Suppose 4*k = 5*k - 2. Suppose 0*q + k*q = -2. Give z(q).
-8
Let i(t) = -3*t - 1 - 2*t + 2. Let s(x) = -14*x + 4. Let d(u) = 8*i(u) - 3*s(u). Calculate d(3).
2
Let b(n) = -n**2 - 7*n + 4. Let k(q) = 5*q**2 + 1. Let z be k(-1). Suppose -1 = l + z. Determine b(l).
4
Let h(x) = x**2 + x - 1. Suppose 4*m - 3*c = -2, -6 = 2*m - 2*c - 2*c. Calculate h(m).
1
Let x(m) = 2*m**3 - 2*m**2 - 8*m**3 - m**3 + m. Let h be 3 + 0 + 0/(-2). Let y = h - 2. Give x(y).
-8
Let q(o) = o**2 - o - 3. Suppose 8*d = -6 - 26. What is q(d)?
17
Suppose 4 = 5*d - 3*d. Let j(r) = -6*r - 31. Let q(o) = -1. Let i(n) = 2*n + 16. Let w(s) = -i(s) - 6*q(s). Let c(k) = d*j(k) - 7*w(k). Calculate c(-6).
-4
Let v(z) be the first derivative of -2*z**3/3 - 5*z**2/2 + z - 4. Calculate v(-4).
-11
Let u(l) be the third derivative of l**5/60 + l**4/3 + 2*l**3/3 + 2*l**2. What is u(-6)?
-8
Let y(s) = -s - 4. Let q(l) = l. Let z(b) = 2*q(b) + y(b). Determine z(-7).
-11
Suppose 0 = -3*c - u - 13 - 30, c - 3*u = -11. Let r(w) = w**3 + 15*w**2 + 14*w - 2. Determine r(c).
-2
Let q(n) be the second derivative of n**6/120 + n**5/12 + 7*n**3/6 + 3*n**2/2 - 3*n. Let a(l) be the first derivative of q(l). What is a(-5)?
7
Let p(o) = -2*o**2 - 5*o + 4. Let s(z) = 4*z**2 + 10*z - 7. Let j(k) = -7*p(k) - 3*s(k). Determine j(-5).
18
Suppose -1 = -2*a - 9. Let n(u) = u**2 + 5*u - 1. What is n(a)?
-5
Suppose -9 = -3*g - 21. Let f(c) = -c**3 - 4*c**2 - 4*c - 1. Determine f(g).
15
Let s(q) = -q**3 - 3*q**2 + 3*q - 3. Let j be s(-3). Let t = j + 17. Suppose 0 = -0*a + t*a - 5. Let c(d) = -d**2 + 2*d - 1. What is c(a)?
0
Let o(w) = 3*w**2 + 5*w - 2. Let q(n) = -2*n**2 - 4*n + 1. Let z(u) = 3*o(u) + 4*q(u). Suppose 3*a = -a. Give z(a).
-2
Suppose 3*o + 3 = 2*o. Let f(z) = -3*z - 1. Let w(c) = -c - 1. Let s(m) = o*f(m) + 6*w(m). Suppose -3*q - q + x = -8, -4*q - 4*x + 8 = 0. Calculate s(q).
3
Let f(m) = -m**2 + 2*m + 4. Let x(h) = 10 + 2*h - h**3 - 9*h**2 + h**2 - 8*h. Let b be x(-7). Give f(b).
1
Let v(a) = -a**2 - 3*a + 9. Let i(j) = 2*j**2 + 6*j - 17. Suppose -4*p + 8 = -2*p. Let m(y) = p*i(y) + 7*v(y). Determine m(-4).
-1
Let u(p) = p + 1. Let j(t) = 3*t + 1. Let i(d) = d - 1. Let m(g) = 3*i(g) + j(g). Let c be m(2). Suppose 0 = -0*z - 2*z - 3*r - 15, -2*r - c = -z. Give u(z).
1
Let p = -65 + 64. Let k(l) = 4*l**2 + l + 1. Determine k(p).
4
Suppose 4*x - 18 - 10 = 0. Suppose -22 = -3*d - 2*h - x, 0 = -d + 3*h + 5. Let z(o) = -o**3 + 5*o**2 + 2*o - 3. Determine z(d).
7
Let h(i) be the third derivative of -i**4/12 - 7*i**3/6 + 4*i**2. Give h(-9).
11
Let r(t) = 4*t + 3*t**2 - 3*t**2 - t**3 + 3*t**2 - 5. What is r(4)?
-5
Let f(k) = k**3 - 6*k**2 - 1. Let h be f(6). Let v(b) = -7*b**2 - b - 1. Calculate v(h).
-7
Suppose 3*c - 5*y - 35 = 0, -2 - 4 = -2*c - y. Let m(v) be the third derivative of 0*v + 0 + 2*v**2 - 1/3*v**3 - 1/6*v**4 + 1/60*v**c. Give m(5).
3
Let w(b) = 5*b**3 + 2*b**2 + b. Let h be 136/14 + (-2)/(-7). Let k be ((-4)/h)/((-2)/30). Suppose 0 = k*v - 2*v + 4. What is w(v)?
-4
Let n(a) be the first derivative of 4/3*a**3 + 1/4*a**4 + 3/2*a**2 - 5 + 6*a. Give n(-4).
-6
Let d(n) = -2*n - 12. Let p be d(-8). Suppose 7*k - p = 3*k. Let m(x) = 4*x**2 - 2*x + 1. Give m(k).
3
Let t(z) = 6*z - 3. Let q(h) = 3*h - 1. Let x(k) = 5*q(k) - 2*t(k). Give x(1).
4
Let k(d) = -d**3 + 2*d**2 + 6*d - 7. Let y be k(3). Let w(j) = j - 3 + 2 + y - 4*j**2 + j**3. Give w(3).
-5
Let o(s) be the first derivative of s**4/4 + 8*s**3/3 + 7*s**2/2 - 4*s - 9. Calculate o(-7).
-4
Let h(d) = d**2 + 4*d. Suppose -f = 3*o + 3*f + 2, 0 = o + 2*f. Give h(o).
-4
Suppose 4*d - 3*d = 4. Let x(z) = -11*z**3 + 14*z**2 - 6*z - 5. Let g(u) = -9*u**3 + 12*u**2 - 5*u - 5. Let n(w) = -5*g(w) + 4*x(w). Give n(d).
9
Suppose 0 = -k - 2*a - 4 - 2, 4*k + 5*a + 9 = 0. Let j(c) = -c**2 + 4*c. Give j(k).
0
Suppose 0 = -f + k, 34 = 5*k + 9. Suppose 4*w + 3*g = w - 15, -f*w - g - 9 = 0. Let j(r) = -r**2 + 1. Give j(w).
0
Let o(y) be the third derivative of -1/6*y**4 + 1/60*y**5 + 0 + y**2 - 7/6*y**3 + 0*y. Let v be o(6). Let c(l) = l - 9. Calculate c(v).
-4
Let a(t) be the first derivative of 2*t**4 - t**3/3 - t**2/2 + 14. Calculate a(-1).
-8
Let g(u) be the second derivative of 0 - 3/8*u**4 + 1/6*u**3 + 2*u - 1/120*u**5 + 0*u**2. Let k(m) be the second derivative of g(m). Calculate k(0).
-9
Suppose -3*d = 3*o - 36, -3*o - 75 = -4*d + 2*o. Suppose 0 = -4*k + 5*z - 0*z - 6, -5*k = 5*z - d. Let w(l) = 2 - 3 + 7*l - 3*l. Calculate w(k).
3
Let w(o) = -3*o**2 - 2*o. Let n(g) = -5*g**2 - 3*g - 1. Let i(s) = -4*n(s) + 7*w(s). Calculate i(-5).
-11
Let l(n) = 2 + 6 - 3*n - 6. Determine l(3).
-7
Let r be (3 - 0 - (1 + -4))/2. Let s(u) = u**2 - 4. What is s(r)?
5
Let f(w) = w**2 - 4*w + 4. Let x(c) = 1. Let g(q) = -f(q) + 3*x(q). Let u be g(3). Let d(l) = 2*l. What is d(u)?
4
Let x(m) = -4*m**2 - 3*m - 1. Let i(s) = 9*s**2 + 5*s + 3. Let z(g) = 4*i(g) + 7*x(g). Let r(j) = -7*j**2 - 5. Let t(d) = 7*r(d) + 6*z(d). Calculate t(-4).
3
Let c(j) be the second derivative of 0 - j**2 + 1/2*j**3 - 1/12*j**4 - 1/30*j**5 - j. Let f(t) be the first derivative of c(t). What is f(-3)?
-9
Let z(d) = d**3 + 5*d**2 - 4*d - 5. Suppose 0 = u - 3*y + 21, 4*y - 5*y = -5. Give z(u).
-17
Let g(t) = 5 + 9 + 0*t + 2*t - 3*t. Give g(0).
14
Let u(b) be the first derivative of -12*b**2 + 17. Determine u(1).
-24
Let x(g) be the second derivative of -g**4/12 + 2*g**3/3 + 3*g**2/2 + 8*g. What is x(3)?
6
Let h be (20/16)/((-3)/12). Let t(s) = -2*s - 6. Determine t(h).
4
Let b be (-1)/(-3*2/12). Let v(m) = -2 + m**3 + 2*m**2 + m**b - 9*m + 0*m**2 + 11*m. Calculate v(-2).
-2
Let n(k) = 2*k + 14. Let r(p) = -3. Let l(u) = 3*n(u) + 14*r(u). Determine l(4).
24
Suppose 4*f - 13 = 11. Suppose 6*b - f = 4*b. Let k(l) = -2*l + 0 + 3*l + 5 + b. Give k(-5).
3
Let k(t) be the first derivative 